ulate n(l).
-6
Suppose -3*s - 32 = s. Let j = s + 18. Suppose -m + k = 0, m + 3*m + k = j. Let a(l) = -l + 1. What is a(m)?
-1
Let i(x) = -x**3 - 6*x**2 - 7*x + 1. Let n(v) = -v**2 + 10*v + 6. Suppose 2*q + 22 = 4*q. Let u be n(q). Calculate i(u).
11
Let c(n) be the second derivative of 0*n**3 + 1/720*n**6 + 0*n**2 + 0 - 1/120*n**5 - 1/12*n**4 - 2*n. Let v(j) be the third derivative of c(j). Determine v(-3).
-4
Let j(w) be the third derivative of -w**7/840 - w**6/180 - w**5/40 + 2*w**3/3 - 4*w**2. Let k(d) be the first derivative of j(d). Calculate k(-2).
6
Let m(f) = f**2 + 3*f. Let i be (-9)/(-54) + 25/(-6). Determine m(i).
4
Let l(n) = -2*n + 7. Let j be l(5). Let x = -3 - j. Let d(y) = -y**3 + y**2 + y - 6. Determine d(x).
-6
Suppose 4*y + 3*u - 21 = 8, -3*y + 9 = -2*u. Let k(w) = w**3 + 4*w + 2*w - 7*w - 1 - 2 - 5*w**2. Calculate k(y).
-8
Let b(q) = -q - 10. Let u be (15/(-6))/((-2)/(-4)). Calculate b(u).
-5
Let z(y) = -3*y**2 + 2*y + 2. Suppose -2*q = -3*k + 20 - 4, -2*k + 4*q + 24 = 0. Give z(k).
-6
Suppose -2*k + 4 = -0*k. Let g(o) be the third derivative of o**4/6 - o**3/6 + 11*o**2. Give g(k).
7
Let s(b) = b**2 + 9*b - 4. Let n be 9/3 - 13/1. Let i be s(n). Let g(u) = u - 8. Determine g(i).
-2
Suppose 0 = -4*x + 3*x. Let v(u) = -u + 6. Calculate v(x).
6
Let o(v) = v**2 + v**2 - 9*v + 39 - 45 - v**2. Calculate o(9).
-6
Let n = 17 + -17. Let b(u) = n*u**2 + 2*u**3 - u**3 + 6*u**2 - 7*u - 6. Determine b(-7).
-6
Suppose 4*t + u - 13 - 6 = 0, u + 1 = 0. Let n(g) be the third derivative of -g**3 + 0 + 0*g + 1/60*g**5 - 1/8*g**4 + 2*g**2. Determine n(t).
4
Let m(w) be the first derivative of -4*w**2 + w + 5. Calculate m(-1).
9
Suppose 0 = -f - 2*n - 10 + 28, -4*n + 16 = 0. Let j = f + -10. Let m(s) = -s**3 - s**2 + 1. Calculate m(j).
1
Let p = 1 + -1. Let b(u) = u**2 + u + 3. Determine b(p).
3
Let m(q) be the first derivative of q**3/3 + q**2/2 + 16*q - 6. Calculate m(0).
16
Suppose -3*x = -7*x. Suppose x = -3*d + d - 6. Let z = 3 + d. Let q(k) = -k**2 + 5. Give q(z).
5
Let c(g) = 10*g - 86. Let r be c(8). Let o(y) = 3*y + 9. Determine o(r).
-9
Let l(m) = m**2 + 3*m - 3. Suppose -4*z = 6*v - v + 31, -2*v - 4*z = 22. Calculate l(v).
-3
Let j(i) = -3*i - 7. Let m be j(-3). Let x(c) = 4*c**2 - 4*c + 3. Give x(m).
11
Let o(j) be the second derivative of -j**6/24 - j**3/6 + j**2/2 + 3*j. Let k(b) be the first derivative of o(b). Calculate k(1).
-6
Let v(i) = i - 4 - 5*i + 2*i - 5. Let a be v(-7). Let t(n) = n**3 - 5*n**2 - 4. Give t(a).
-4
Let o(r) = -r**3 + 3*r**2 + r - 3. Let y(m) = -2*m + 2. Let l be y(5). Let d = -46 - l. Let u be d/(-14) + (-6)/(-21). Determine o(u).
0
Let s(q) = -q + 7. Suppose 36 = 4*l + 20. What is s(l)?
3
Let i(h) = -4*h + 7. Suppose 0 = -v - 124 + 129. Determine i(v).
-13
Suppose 6 + 2 = 2*j. Suppose j*b = 3*i + i + 16, 3*i + 22 = 5*b. Let u(d) = 3*d**3 + 4*d - 7*d**3 + d**2 + 6 - 7*d**2 + b*d**3. Give u(5).
1
Let y(b) be the second derivative of 0 - 2*b + 3/2*b**2 - 5/6*b**3. Give y(2).
-7
Let j(m) = -m**3 + 2*m**2 + 6*m - 4. Let u(g) = -g**3 - g**2 + g + 4. Let k be u(0). What is j(k)?
-12
Suppose -2*g + 14 = 5*i, -7*i + 2*i = -5*g - 35. Let u(o) be the second derivative of -o**3/6 + 5*o**2/2 - o. What is u(i)?
1
Suppose -2*u + 3*t + 18 = 0, 2*u - 2*t - 14 = -0*u. Suppose -h + u*p - 3 = 0, 3*p = -p. Let y(b) = -3*b + 28*b**3 + 4*b - 1 - 3*b**2 - 29*b**3. Calculate y(h).
-4
Let v(g) = -5*g + 2*g + 4*g. Determine v(-5).
-5
Let w(n) = n**3 + 9*n**2 - 8*n + 13. Suppose -2*f - 14 = 6. Determine w(f).
-7
Let s(q) = -2*q**2 - q**2 - 120*q**3 - q + 121*q**3 - 5. Determine s(4).
7
Let g = -51 - -50. Let h(t) = -5*t - 1. Calculate h(g).
4
Let y = -5 - -9. Suppose 0*q = y*q. Let d(n) = -n**3 - n**2 - 6. Give d(q).
-6
Suppose -1 - 2 = 3*s. Let h = -1 - s. Let d(a) = h*a**3 + a + a**3 - 2*a**3 - 4*a**2. What is d(-4)?
-4
Let h(j) = j - 1. Suppose 1 = -3*x + 2*q + 4, 4*x - 2*q - 6 = 0. Suppose 0 = 2*y - x*y. Calculate h(y).
-1
Let v be (0 + 1)*5/5. Let a(l) be the second derivative of 1/6*l**3 + 3*l + 0 + 0*l**2. Calculate a(v).
1
Let z = 5 - 5. Let j = z - -2. Let l(v) = v + 3. Let d(c) = 1. Let u(k) = 5*d(k) - l(k). Determine u(j).
0
Let h = -2 - 0. Let l(r) = -r. Let f(q) = 3*q + 8. Let v(k) = h*l(k) - f(k). What is v(-5)?
-3
Let i(x) = 3*x - 32. Let k be i(13). Let j(h) = h - 7. Calculate j(k).
0
Let c be 8 + -11 - (-5 + -2). Let d(l) = 2 + 2*l - c*l - 6. Calculate d(3).
-10
Let n be 2 - ((-2 - -3) + -1). Suppose d = -n*d - 9. Let f(v) = -v**3 - 2*v**2 + 2. Determine f(d).
11
Let v(h) = 4*h**2 + 11*h - 2. Let m(f) = 2*f**2 + 5*f - 1. Let t(a) = 13*m(a) - 6*v(a). What is t(3)?
14
Let s(q) be the second derivative of -2*q - 1/20*q**5 + 5/2*q**2 - 1/3*q**4 + 2/3*q**3 + 0. Give s(-5).
10
Let x(n) = -2*n - 7. Suppose -14 = -4*k - 2*f, 4*k - 5*f = -0*f + 35. Let r be 2/(-5) + 12/k. Let w = -4 - r. Calculate x(w).
5
Let r(x) be the second derivative of x**7/2520 - 7*x**6/720 + x**5/30 + x**4/12 + 2*x. Let t(q) be the third derivative of r(q). What is t(6)?
-2
Let q(y) be the third derivative of -y**8/6720 - y**7/360 - y**6/120 - 7*y**5/120 + y**4/6 - 3*y**2. Let f(x) be the second derivative of q(x). Determine f(-6).
-7
Let s(b) = 6*b**2 + 7 - 2*b**2 - b**3 - 3*b**2. Suppose -o + 2*o + 2*t = 0, 6 = -4*o - 2*t. Let w be 0*(-1 + (0 - o)). Determine s(w).
7
Let g(t) = t**3 + 15 + 3*t - 7 - 5*t**2 - 8 - 6. Let j(q) = -q**3 - 5*q**2 - 4*q + 5. Let i be j(-4). Calculate g(i).
9
Let h = 47 + -50. Let w(m) = -3 + 0*m**2 + 0*m**2 + 4*m + m**2 + 2*m. Give w(h).
-12
Let k(q) be the third derivative of -q**4/12 + 5*q**3/6 - q**2. Let r = 12 + -18. Let g be (r/(-5))/((-6)/(-30)). Give k(g).
-7
Let d(k) = k - 8 + 6 - 2*k. What is d(6)?
-8
Let m(p) = 2 - 6*p**2 + 4 + 2*p - 4 + p**3. Determine m(5).
-13
Let l(t) = 5*t + 7. Let k(y) = 3*y + 1 - 2*y + 0. Let v(j) = -6*k(j) + l(j). What is v(-6)?
7
Suppose -3 = 2*u + 7. Let j(h) = -h**3 - 5*h**2 - 2*h - 7. Let i be j(u). Let w(o) = o**2 + 2*o + 3*o - 9 + i. What is w(-6)?
0
Let a = 15 + -23. Let v(g) = g + 3. Let n be v(a). Let w(i) = i + 3*i - 3 + i**2 + 2 - 1. Calculate w(n).
3
Let w(b) = 5*b**2 + 14*b - 10. Let c = -2 - 4. Let m(x) = -6*x**2 - 15*x + 11. Let n(y) = c*m(y) - 7*w(y). Calculate n(6).
-8
Let l(j) = j**3 - 6*j**2 + 2*j + 6. Let p = -63 + 68. Determine l(p).
-9
Let a(h) = -h**2 + 2*h - 5. Let d be ((-6)/(-12) - 3)*(-8)/5. Determine a(d).
-13
Let t(i) = 3*i**3 - 4*i**2 - 19*i + 2. Let j(q) = q**3 + q**2 - 2*q**3 + q + 5*q - 1. Let u(x) = -7*j(x) - 2*t(x). Give u(2).
7
Let u(p) = -3*p**3 - 4*p**2 + 4*p - 1. Let i(j) = j**3 - j + 1. Let l(b) = 2*i(b) + u(b). Determine l(-4).
-7
Let r(u) = 3628*u**2 - 1 + 4 + u**3 - 3627*u**2 - u. Calculate r(-3).
-12
Let m(l) = l**3 - 4*l**2 + 4*l - 1. Let w be m(3). Let n(r) = -r**2 - r**3 - 2*r**2 + 4 + 4*r**w + 3*r**2. Calculate n(4).
4
Let g(p) be the second derivative of p**3/3 - p**2/2 - 18*p. Give g(4).
7
Let i(t) = 3*t**2 + 0*t**2 - 6*t**2 - 5*t**2 + 1 + 2*t. Give i(-1).
-9
Let i(g) = -g. Let c be i(1). Let u be ((-3)/4)/(c/4). Let o(x) = 1 - x**3 + 2*x + x + 2*x**2 + x. Give o(u).
4
Let f(s) = 10*s**3 - 4*s**2 - 13*s + 3. Let b(g) = 3*g**3 - g**2 - 4*g + 1. Let p(m) = 7*b(m) - 2*f(m). Give p(1).
1
Let a(q) be the second derivative of -q**3/6 + q**2 - 2*q. Let z = 39 - 43. What is a(z)?
6
Suppose 0 = 2*h + 2 + 6. Let z = -1 - h. Let r(i) = -2*i. Calculate r(z).
-6
Let f be (-3 + 21/4)*12. Let v(y) = 3 + 0 - 2 + f*y**2 - 2*y - 32*y**2. Suppose -4*d = -3*a - 1, 0 = -a + 3*a - d - 1. What is v(a)?
-6
Suppose -9 = -2*f - 3. Let y(a) = -3*a**f + 8 + 3*a**3 + a**3 - 7*a**2 + 4*a. Determine y(6).
-4
Suppose -h + 5*i - i = 6, -i + 2 = 0. Let d(a) = -5*a**3 - 2*a**h + 6*a**3 + 2 + a**2. Calculate d(0).
2
Let l(q) = -q**3 + 5*q**2 - 5*q - 2. Suppose 9 + 11 = 5*g. Calculate l(g).
-6
Let v = -2 + 4. Let o(u) = 0 - 5*u**v + 0*u**3 + 2*u**3 - 7*u - 3*u**3 - 6. Calculate o(-4).
6
Let d(g) = 3*g**2 + 7*g + 4. Let v(j) = j**2 + j - 1. Let x(o) = d(o) - 2*v(o). What is x(-5)?
6
Let s(r) be the third derivative of -r**4/12 + r**3/2 - 4*r**2. Give s(2).
-1
Suppose 0 = 3*m - 9, -3*m + 9 + 2 = 2*d. Let r(a) = a + d - 1 + 0*a. Determine r(-4).
-4
Suppose 0 = 6*h - 0*h - 30. Let z(s) be the second derivative of 0 + 0*s**3 + 0*s**4 - 3*s + s**2 - 1/20*s**h. Calculate z(